{"id":1781,"date":"2021-12-05T10:20:27","date_gmt":"2021-12-05T13:20:27","guid":{"rendered":"https:\/\/silviaoliveira.art.br\/?post_type=product&#038;p=1781"},"modified":"2022-12-08T20:19:55","modified_gmt":"2022-12-08T23:19:55","slug":"casal-dudu-e-dri","status":"publish","type":"product","link":"https:\/\/silviaoliveira.art.br\/?product=casal-dudu-e-dri","title":{"rendered":"Casal Dudu e Dri"},"content":{"rendered":"","protected":false},"excerpt":{"rendered":"<p>Casal Noel Dudu e Dri, com 50cm de altura, todo feito em tecido. O Papai Noel carrega uma x\u00edcara e um pires com 4 bolachas de chocolate enquanto a Mam\u00e3e Noel carrega sua amiguinha Rena nos bra\u00e7os.<\/p>\n<p>Para comprar s\u00f3 o Papai Noel ou s\u00f3 a Mam\u00e3e Noel entre em contato<\/p>\n<p>Os tecidos podem ter altera\u00e7\u00f5es nos patr\u00f5es e cores, dependendo do estoque do fabricante ou distribuidor mas seguir\u00e1 com o mesmo tom, podendo mudar conforme o pedido.<\/p>\n","protected":false},"featured_media":1783,"comment_status":"closed","ping_status":"closed","template":"","meta":[],"product_cat":[104],"product_tag":[111],"_links":{"self":[{"href":"https:\/\/silviaoliveira.art.br\/index.php?rest_route=\/wp\/v2\/product\/1781"}],"collection":[{"href":"https:\/\/silviaoliveira.art.br\/index.php?rest_route=\/wp\/v2\/product"}],"about":[{"href":"https:\/\/silviaoliveira.art.br\/index.php?rest_route=\/wp\/v2\/types\/product"}],"replies":[{"embeddable":true,"href":"https:\/\/silviaoliveira.art.br\/index.php?rest_route=%2Fwp%2Fv2%2Fcomments&post=1781"}],"wp:featuredmedia":[{"embeddable":true,"href":"https:\/\/silviaoliveira.art.br\/index.php?rest_route=\/wp\/v2\/media\/1783"}],"wp:attachment":[{"href":"https:\/\/silviaoliveira.art.br\/index.php?rest_route=%2Fwp%2Fv2%2Fmedia&parent=1781"}],"wp:term":[{"taxonomy":"product_cat","embeddable":true,"href":"https:\/\/silviaoliveira.art.br\/index.php?rest_route=%2Fwp%2Fv2%2Fproduct_cat&post=1781"},{"taxonomy":"product_tag","embeddable":true,"href":"https:\/\/silviaoliveira.art.br\/index.php?rest_route=%2Fwp%2Fv2%2Fproduct_tag&post=1781"}],"curies":[{"name":"wp","href":"https:\/\/api.w.org\/{rel}","templated":true}]}}