{"id":1871,"date":"2022-12-08T19:51:11","date_gmt":"2022-12-08T22:51:11","guid":{"rendered":"https:\/\/silviaoliveira.art.br\/?post_type=product&#038;p=1871"},"modified":"2022-12-08T20:16:43","modified_gmt":"2022-12-08T23:16:43","slug":"ginger-rosa","status":"publish","type":"product","link":"https:\/\/silviaoliveira.art.br\/?product=ginger-rosa","title":{"rendered":"Gingerbread Rosa"},"content":{"rendered":"","protected":false},"excerpt":{"rendered":"<p>Boneca em tecido do famoso biscoito de gengibre que \u00e9 tradi\u00e7\u00e3o dos Estados Unidos no Natal.<\/p>\n","protected":false},"featured_media":1865,"comment_status":"closed","ping_status":"closed","template":"","meta":[],"product_cat":[104],"product_tag":[111],"_links":{"self":[{"href":"https:\/\/silviaoliveira.art.br\/index.php?rest_route=\/wp\/v2\/product\/1871"}],"collection":[{"href":"https:\/\/silviaoliveira.art.br\/index.php?rest_route=\/wp\/v2\/product"}],"about":[{"href":"https:\/\/silviaoliveira.art.br\/index.php?rest_route=\/wp\/v2\/types\/product"}],"replies":[{"embeddable":true,"href":"https:\/\/silviaoliveira.art.br\/index.php?rest_route=%2Fwp%2Fv2%2Fcomments&post=1871"}],"wp:featuredmedia":[{"embeddable":true,"href":"https:\/\/silviaoliveira.art.br\/index.php?rest_route=\/wp\/v2\/media\/1865"}],"wp:attachment":[{"href":"https:\/\/silviaoliveira.art.br\/index.php?rest_route=%2Fwp%2Fv2%2Fmedia&parent=1871"}],"wp:term":[{"taxonomy":"product_cat","embeddable":true,"href":"https:\/\/silviaoliveira.art.br\/index.php?rest_route=%2Fwp%2Fv2%2Fproduct_cat&post=1871"},{"taxonomy":"product_tag","embeddable":true,"href":"https:\/\/silviaoliveira.art.br\/index.php?rest_route=%2Fwp%2Fv2%2Fproduct_tag&post=1871"}],"curies":[{"name":"wp","href":"https:\/\/api.w.org\/{rel}","templated":true}]}}